 414.
413
What is the remainder when 1027536 is divided by 513734?
68
What is the remainder when 303524 is divided by 444?
272
What is the remainder when 2220119 is divided by 317112?
335
What is the remainder when 18862094 is divided by 21?
20
Calculate the remainder when 69062 is divided by 4116.
3206
What is the remainder when 345785 is divided by 1372?
41
What is the remainder when 25337736 is divided by 2307?
2262
Calculate the remainder when 337922553 is divided by 274.
271
Calculate the remainder when 246415 is divided by 20493.
499
Calculate the remainder when 618488 is divided by 8956.
524
Calculate the remainder when 6318961 is divided by 1263770.
111
Calculate the remainder when 118965 is divided by 118880.
85
Calculate the remainder when 266105135 is divided by 11.
10
What is the remainder when 348443 is divided by 326?
275
What is the remainder when 129413 is divided by 37?
24
Calculate the remainder when 75496 is divided by 14117.
4911
What is the remainder when 30008652 is divided by 169?
167
What is the remainder when 7756094 is divided by 413?
367
Calculate the remainder when 1974642 is divided by 109.
107
Calculate the remainder when 899058 is divided by 929.
715
What is the remainder when 3080550 is divided by 1417?
1409
Calculate the remainder when 864816 is divided by 9928.
1080
What is the remainder when 175696 is divided by 844?
144
Calculate the remainder when 1512858 is divided by 21.
18
Calculate the remainder when 458668 is divided by 40.
28
Calculate the remainder when 812224 is divided by 710.
694
What is the remainder when 108155 is divided by 783?
101
What is the remainder when 132132613 is divided by 616?
613
Calculate the remainder when 45874058 is divided by 835.
828
Calculate the remainder when 21292473 is divided by 24390.
3
What is the remainder when 555625 is divided by 2074?
1867
Calculate the remainder when 242335 is divided by 2097.
1180
Calculate the remainder when 2045741 is divided by 438.
281
What is the remainder when 287772 is divided by 31973?
15
Calculate the remainder when 390237 is divided by 441.
393
What is the remainder when 52084 is divided by 6485?
204
Calculate the remainder when 456478254 is divided by 21.
15
What is the remainder when 160539 is divided by 235?
34
What is the remainder when 32124361 is divided by 1467?
1462
What is the remainder when 253479 is divided by 5?
4
What is the remainder when 302169 is divided by 147877?
6415
Calculate the remainder when 3100911 is divided by 236.
107
What is the remainder when 16523 is divided by 7745?
1033
Calculate the remainder when 251663 is divided by 2564.
391
What is the remainder when 4049942 is divided by 31?
9
Calculate the remainder when 8619875 is divided by 2873190.
305
Calculate the remainder when 66449279 is divided by 3392.
3391
Calculate the remainder when 32406 is divided by 9636.
3498
What is the remainder when 31502393 is divided by 198?
197
What is the remainder when 9878422 is divided by 4840?
4822
Calculate the remainder when 810316 is divided by 7339.
3026
What is the remainder when 22402307 is divided by 5600575?
7
What is the remainder when 64528 is divided by 32232?
64
Calculate the remainder when 61636 is divided by 11310.
5086
Calculate the remainder when 3827050 is divided by 1275680.
10
What is the remainder when 4804607 is divided by 178?
31
What is the remainder when 70635 is divided by 17646?
51
What is the remainder when 30236529 is divided by 3779566?
1
Calculate the remainder when 97122 is divided by 4815.
822
Calculate the remainder when 254826 is divided by 12656.
1706
What is the remainder when 73737 is divided by 36867?
3
Calculate the remainder when 23597 is divided by 158.
55
What is the remainder when 516843 is divided by 8816?
5515
What is the remainder when 53620 is divided by 4109?
203
What is the remainder when 152161985 is divided by 83?
77
Calculate the remainder when 883319 is divided by 110396.
151
What is the remainder when 278613 is divided by 54?
27
What is the remainder when 13828674 is divided by 152?
18
Calculate the remainder when 93706 is divided by 30076.
3478
What is the remainder when 584279 is divided by 2645?
2379
Calculate the remainder when 1635149 is divided by 38.
9
Calculate the remainder when 113917 is divided by 5667.
577
What is the remainder when 9569548 is divided by 75?
73
What is the remainder when 4502848 is divided by 3?
1
What is the remainder when 156539289 is divided by 2074?
2065
What is the remainder when 1832874 is divided by 452?
14
What is the remainder when 7176386 is divided by 513?
29
Calculate the remainder when 5494052 is divided by 14889.
11
Calculate the remainder when 137054 is divided by 13703.
24
What is the remainder when 10195121 is divided by 358?
355
Calculate the remainder when 1618727 is divided by 231244.
19
What is the remainder when 3150836 is divided by 185332?
192
What is the remainder when 814905 is divided by 18109?
0
Calculate the remainder when 6016664 is divided by 1203304.
144
What is the remainder when 140959 is divided by 307?
46
Calculate the remainder when 2732558 is divided by 1539.
833
What is the remainder when 7383424 is divided by 295335?
49
Calculate the remainder when 727560 is divided by 257.
250
Calculate the remainder when 3867 is divided by 2644.
1223
What is the remainder when 1170410 is divided by 93?
5
Calculate the remainder when 2993444 is divided by 3006.
2474
What is the remainder when 187321017 is divided by 15?
12
Calculate the remainder when 316527 is divided by 146.
145
Calculate the remainder when 26993932 is divided by 1038228.
4
What is the remainder when 307006 is divided by 30691?
96
Calculate the remainder when 95663 is divided by 71.
26
What is the remainder when 913384375 is divided by 1283?
1279
Calculate the remainder when 23035242 is divided by 12.
6
Calculate the remainder when 320686262 is divided by 87.
86
What is the remainder when 81860429 is divided by 632?
629
Calculate the remainder when 4203221 is divided by 9445.
196
What is the remainder when 72746409 is divided by 105?
99
What is the remainder when 1939765 is divided by 86?
35
Calculate the remainder when 5066277 is divided by 1398.
1323
What is the remainder when 62689775 is divided by 796?
795
Calculate the remainder when 849070 is divided by 36.
10
What is the remainder when 49919996 is divided by 3000?
2996
Calculate the remainder when 689576 is divided by 67.
12
Calculate the remainder when 10481155 is divided by 14.
13
What is the remainder when 1143458 is divided by 285849?
62
What is the remainder when 283972 is divided by 2290?
12
Calculate the remainder when 1207599 is divided by 1236.
27
What is the remainder when 123104 is divided by 96?
32
What is the remainder when 64053 is divided by 2677?
2482
What is the remainder when 33905084 is divided by 576?
572
Calculate the remainder when 6601156 is divided by 42.
16
Calculate the remainder when 92631 is divided by 13225.
56
What is the remainder when 1154826640 is divided by 83?
81
What is the remainder when 1391219 is divided by 5330?
89
What is the remainder when 177104 is divided by 29301?
1298
What is the remainder when 122081591 is divided by 452154?
11
What is the remainder when 1868626 is divided by 1105?
71
What is the remainder when 98386443 is divided by 116?
115
Calculate the remainder when 15769020 is divided by 1752111.
21
Calculate the remainder when 30683 is divided by 6103.
168
Calculate the remainder when 22741 is divided by 21248.
1493
What is the remainder when 158375534 is divided by 17?
15
Calculate the remainder when 1772426 is divided by 26.
6
Calculate the remainder when 41981318 is divided by 40.
38
Calculate the remainder when 21040396 is divided by 8.
4
What is the remainder when 1524613 is divided by 762305?
3
Calculate the remainder when 4318146 is divided by 68.
10
What is the remainder when 4186211 is divided by 495?
491
Calculate the remainder when 846720 is divided by 169140.
1020
Calculate the remainder when 1322892 is divided by 615.
27
What is the remainder when 7133546 is divided by 41962?
6
Calculate the remainder when 886000 is divided by 250.
0
What is the remainder when 667624 is divided by 3976?
3632
What is the remainder when 3